) a composite number?
False
Suppose 746 + 411 = 13*q. Is q a composite number?
False
Suppose 75 = -0*z + 5*z. Let c(y) = -y**3 + 19*y**2 - 21*y - 34. Is c(z) a prime number?
False
Suppose -4*d = -3*f, 3*f - 2*f = -d. Let v(n) = n**2 + 2*n + 216. Let a be v(f). Suppose -a = -h + 7. Is h prime?
True
Let f(o) = 19*o - 15*o - 10 + 26*o + o. Suppose -5*d + r + 20 = 0, 5*r - 27 - 18 = -4*d. Is f(d) a composite number?
True
Suppose 2*s - 322 = -z, 2*z + 2*s + 3*s - 640 = 0. Let t = z - 233. Is t prime?
True
Let j(o) = -o. Let n(s) = -6*s - 7. Let d(v) = 5*j(v) - n(v). Let y be d(5). Is y*((-59)/(-4))/1 prime?
False
Let b = 67 - 52. Is (-1400)/(-15) - 5/b prime?
False
Let z(p) = p**2 - 6*p + 3. Let m = -2 - -8. Let y be z(m). Suppose -2*d - 85 = -y*d. Is d a composite number?
True
Suppose 0 = 81*d - 68*d - 315965. Is d a prime number?
False
Suppose 1636 = 6*q - 4886. Is q a prime number?
True
Suppose -7*v = -11*v + 2*o + 64602, -v - o + 16152 = 0. Is v prime?
False
Let q = -141 + 393. Suppose -1290 = -2*p - q. Is p composite?
True
Let v(y) = 6*y**2 - 14*y - 20. Let i(p) = -7*p**2 + 15*p + 21. Let u(b) = 5*i(b) + 6*v(b). Is u(-14) prime?
True
Let m = 16069 - 9372. Is m prime?
False
Suppose -2*g - 1789 = -5915. Is g composite?
False
Suppose 5*p - 2247 = 3*l + 2477, -l = 4*p - 3769. Is p a composite number?
True
Let y(x) = -2*x + 12. Let u be y(6). Suppose d - 32 = -4*z - 10, u = -3*z - d + 16. Is 710/z + 4/6 a prime number?
False
Suppose 5*d + 3*v - 2*v - 28353 = 0, v = 2*d - 11344. Is d a prime number?
False
Is 30/21 + -2 - 51865/(-77) a composite number?
False
Suppose 4*f = 2*f - 84. Suppose k + 288 = 341. Let g = k - f. Is g prime?
False
Let a be (-22 + -8)*2/(-4). Suppose j + 2*j = a. Suppose -j*v + 3648 + 118 = -x, 5*x + 758 = v. Is v a prime number?
False
Is (-2*1)/(96/(-33456)) a composite number?
True
Suppose 0 = o - 2*d - 7835, d + 23508 = 3*o - 4*d. Is o a composite number?
False
Let z(f) = f**2 + 5*f + 4. Suppose -10*s + 28 = -14*s. Let j be z(s). Suppose j = 4*x - 514. Is x composite?
True
Let a(o) = -o**3 - 4*o**2 + 5*o + 9. Let k(s) = -7*s**2. Suppose 0 = -5*h + h + 4. Let p be k(h). Is a(p) prime?
False
Suppose -2*r - 6 = -3*z, -4*r + z + z - 4 = 0. Suppose 0 = x + 5*g - 152 - 297, 3*g - 6 = r. Let d = -224 + x. Is d a prime number?
False
Let f(u) = u - 2. Let i be f(-1). Let w be (-18)/i*1/2. Suppose 0*n + 639 = w*n. Is n prime?
False
Suppose 657 = 4*b - 1711. Suppose q + b - 196 = 0. Let v = q + 583. Is v prime?
False
Suppose -3*u = -5*q - 5510, -13*u - 3675 = -15*u + 5*q. Is u a prime number?
False
Suppose -365 = -0*l - 5*l. Suppose -5 = -5*n, 0*n - 7 = -2*x + n. Suppose -w = -3*z - l, x*z + 5 = -w + 106. Is w a prime number?
False
Let c = 3 - 0. Let d = -2 + c. Is 78 - d*(-3 - -2) composite?
False
Suppose -5*t + 77358 = 14993. Is t a prime number?
True
Let m(n) = -113*n + 657. Is m(-28) a prime number?
True
Let b(y) = y**3 + 5*y**2 + 5*y + 3. Let s be b(-2). Is 12182/s + (-6)/(-10) a prime number?
True
Let d = -27 - -27. Suppose 5*s + b - 462 = d, 2*b - 366 = s - 5*s. Is s a composite number?
True
Suppose 0 = 3*y + 2*y. Suppose -5*g + 7*g - 926 = y. Is g a composite number?
False
Is ((-161)/(-3))/((-1)/(-168)) - -1 prime?
False
Let z(o) = 401*o - 3. Let c(y) = -801*y + 5. Let m(x) = -6*c(x) - 13*z(x). Is m(-4) prime?
True
Let j(u) = -3 - 150*u - 190*u + 34*u. Let f be j(-2). Suppose -f = -3*m + 396. Is m a composite number?
True
Suppose -5*r - s = -2916, -r + 238 = -3*s - 358. Suppose -10*q = -86 - r. Is q composite?
False
Let n(i) = i**2 - 6*i + 3. Let j be n(6). Let a be j*(3 - 20/12). Suppose -3*q + a*m + 603 = 0, 7*q = 4*q + m + 603. Is q composite?
True
Suppose 5*c - 2*p - 4 = -0, c = -5*p + 17. Suppose 0 = -c*k + 6*k + 8. Is ((-3)/(-2))/(k/(-508)) a composite number?
True
Suppose -3*k + 3*b = -27606, 5*b + 6372 - 33954 = -3*k. Is k a prime number?
True
Let s(f) = 2487*f - 31. Is s(4) composite?
True
Suppose -8*b + 270781 + 125427 = 0. Is b a composite number?
True
Let z(r) = 474*r**2 + 18*r - 29. Is z(5) composite?
True
Let s be (-2)/(-6) - (-26)/3. Let u(l) = -4*l**2 + 7*l. Let r(y) = -y + 1. Let q(j) = 5*r(j) - u(j). Is q(s) a composite number?
True
Let g(o) = 268*o**2 + o + 77. Is g(-8) prime?
False
Let q(o) = 11*o**3 + 51*o**2 + 32*o + 19. Let z(c) = c**3 + 21*c + c**3 + 3*c**3 + 2*c**3 + 34*c**2 + 13. Let x(d) = -5*q(d) + 8*z(d). Is x(-10) prime?
False
Suppose -59*u + 96*u - 474229 = 0. Is u a prime number?
False
Let y be 108/26 + (-6)/39. Suppose x - y = -x. Suppose -x*i + 4*i - 218 = 0. Is i a prime number?
True
Let u be -16 + (-1 + 0 - -4). Let m = 15 + u. Suppose j = m*j - 37. Is j a prime number?
True
Let i(n) = -3*n**3 + 4*n**2 - 2*n + 5. Is i(-6) prime?
True
Let w be 5/((-5)/342)*(4 + -7). Is 1 + 1 - (w/(-2))/1 prime?
False
Suppose 2*o - 8 - 4 = 0. Suppose 0 = 3*t - o*t + 429. Is t a composite number?
True
Suppose -s - 7*s + 56 = 0. Suppose 3111 = s*g - 2398. Is g composite?
False
Let r = -1098 + 1556. Suppose -9*k + 235 = -r. Is k composite?
True
Let x be ((-8)/(-3))/((-4)/(-6)). Suppose 5*i - 927 = -2*u, u = -0*u - x. Is i a composite number?
True
Let z(g) be the second derivative of 7*g**4/4 - g**3/3 - 2*g**2 + 18*g. Is z(-3) composite?
False
Let y be (-2)/12*-8*-36. Let w be (48/(-9))/(2/y). Suppose -r - 23 = 3*s - 88, 0 = -2*r - 5*s + w. Is r composite?
False
Suppose 2*h = 2281 + 37. Suppose 5*v - 5855 = -5*z, -9*v - h = -z - 4*v. Is z a prime number?
False
Suppose -6*a = -16 - 14. Suppose 5754 = a*k + 2*k. Is 16/56 - k/(-14) a composite number?
False
Let p(l) = -27*l + 20. Let n(j) = 14*j - 10. Let w(r) = -5*n(r) - 2*p(r). Let u be w(4). Is 0 - -1 - 0 - u prime?
False
Suppose 5*x + 34*w - 30*w - 47581 = 0, -5*x - w = -47584. Is x a composite number?
True
Let z be 316/24*4*21. Let n = 1875 - z. Suppose -n = -4*l + 267. Is l a prime number?
False
Let o(q) = 569*q + 16. Let l be o(5). Suppose 0 = 5*i - p - 14257, i - 5*p = -0*p + l. Is i composite?
False
Suppose 0 = -5*k + 5*b + 3250, b - 6*b - 2596 = -4*k. Let i = k + -23. Is i composite?
False
Let z(t) = -6 + 15 - t - t + 6. Let m be z(11). Let y = m - -42. Is y composite?
True
Suppose w = -2 + 6. Let q be -3*((-9)/(-3) - w). Let c(h) = 6*h**3 + 4*h**2 - 3*h + 2. Is c(q) a composite number?
False
Let l(g) = -2*g + 14. Let f be l(6). Suppose -5*c + 695 = 5*k, -k - f*c = -103 - 32. Is k composite?
True
Let i(p) = 118*p**2 - 6*p + 15. Is i(-9) a prime number?
False
Suppose 3*g + 847 + 128 = 5*q, 0 = 3*q - g - 589. Suppose -455 - q = -b. Is b composite?
False
Is (74/(-148))/((-1)/(-56998)*-1) composite?
False
Suppose 3*i + 5*x = 13 - 4, -5*i + 3*x + 15 = 0. Is ((-2)/3)/(1/i) + 159 a composite number?
False
Let n(z) = 261*z + 1. Let v be n(2). Let r = v + -156. Is r a composite number?
False
Let l = 80944 + -35943. Is l prime?
False
Is 1 + 6/(-5) + (-122636)/(-230) prime?
False
Suppose -4*h - 2*w = -6, h - 4*w + 1 - 16 = 0. Is h + (3 + 870 - -1) composite?
False
Suppose 86*t - 697227 = 234239. Is t prime?
True
Let x = -60 - -54. Let j(d) = d**3 + 9*d**2 + 15*d + 13. Is j(x) prime?
True
Suppose -7*q + 118602 = 18019. Is q a prime number?
True
Let r(l) = -l - 3*l - 5 + 11*l**2 + 38*l**2 + 1. Is r(-3) composite?
False
Suppose 5*q = 6*q. Suppose 0 = 5*r - q*r. Suppose r*l - 169 = -l. Is l a prime number?
False
Let b(z) = 103*z - 24. Is b(13) prime?
False
Let j = -111 - -1057. Suppose -u + j = 10*u. Is u composite?
True
Let c be (-381459)/(-39) + -1*3. Let r = 15347 - c. Is r a prime number?
True
Suppose -2*j + 3*f = -14813, -5*j + 37040 = -24*f + 19*f. Is j a composite number?
False
Let o(j) = -j**3 - 9*j**2 + 3*j - 2. Let v be o(-15). Suppose -4*t - 4*w = -t - 1952, 2*t - v = -w. Suppose r - 3*r + t = 0. Is r a prime number?
False
Let w(r) = r**3 - 15*r**2 - r + 19. Let c be w(15). Is -2 + 257 - (c - 0) prime?
True
Suppose 0 = -5*u - 15, -o + u + 380 + 228 = 0. Let k = -174 + o. Suppose -k + 1275 = 4*y. Is y a composite number?
False
Let a(p) = -61*p. Suppose -3*j - 19 = -10. Is a(j) prime?
False
Let i(r) = -5*r**2 - r. Let j be i(-1). Let s be (-1)/j + (-2)/8. Suppose s*y - 3*y = -9. Is y a prime number?
True
Let p be (-4)/10 - 459/(-85). Let k be (-1)/2*-3*2. Suppose 2*a - k*o = 171, -p*a + o + 438 = 4*o. Is a composite?
True
Suppose 5*j = 6*j. Suppose -3*v + 4*v